{"id":10423,"date":"2024-03-26T09:27:39","date_gmt":"2024-03-26T08:27:39","guid":{"rendered":"https:\/\/nysted.dk\/?post_type=ajde_events&#038;p=10423"},"modified":"2024-04-05T14:00:25","modified_gmt":"2024-04-05T12:00:25","slug":"nysted-gaardbutik-aabner-i-paasken","status":"publish","type":"ajde_events","link":"https:\/\/nysted.dk\/en\/events\/nysted-gaardbutik-aabner-i-paasken\/","title":{"rendered":"Nysted Farm Shop opens at Easter"},"content":{"rendered":"<p>The shelves are filled with Easter decorations, Bregnholt&#039;s spring flowers, Krenkerup beer, Dalbakkegaard eggs &amp; chickens, M\u00f8ns Bolcher &amp; cream buns, meat from Als\u00f8, Ubuntu coffee, wine from \u00d8stergaard - and much more. In addition to knitting, jewellery, wooden figures and flea things: &quot;Used but beautiful&quot; On Maundy Thursday, the children can try face painting and everyone a hot apple toddy from Lolle. Competition: &quot;Guess a beer&quot; Open from 11 a.m. to 3 p.m.<\/p>","protected":false},"author":1,"featured_media":10424,"menu_order":0,"template":"","meta":{"inline_featured_image":false},"tags":[],"event_type":[83],"event_type_2":[],"class_list":["post-10423","ajde_events","type-ajde_events","status-publish","has-post-thumbnail","hentry","event_type-nysted-by"],"yoast_head":"<!-- This site is optimized with the Yoast SEO plugin v27.4 - https:\/\/yoast.com\/product\/yoast-seo-wordpress\/ -->\n<title>Nysted Gaardbutik \u00e5bner i P\u00e5sken | Nysted erhvervs- og Turistforening<\/title>\n<meta name=\"robots\" content=\"index, follow, max-snippet:-1, max-image-preview:large, max-video-preview:-1\" \/>\n<link rel=\"canonical\" href=\"https:\/\/nysted.dk\/en\/events\/nysted-gaardbutik-aabner-i-paasken\/\" \/>\n<meta property=\"og:locale\" content=\"en_GB\" \/>\n<meta property=\"og:type\" content=\"article\" \/>\n<meta property=\"og:title\" content=\"Nysted Gaardbutik \u00e5bner i P\u00e5sken | Nysted erhvervs- og Turistforening\" \/>\n<meta property=\"og:description\" content=\"Hylderne er fyldt op med p\u00e5skedekorationer, Bregnholts for\u00e5rsblomster, Krenkerup \u00f8l, Dalbakkegaard \u00e6g &amp; kyllinger, M\u00f8ns Bolcher &amp; fl\u00f8deboller, k\u00f8d fra\" \/>\n<meta property=\"og:url\" content=\"https:\/\/nysted.dk\/en\/events\/nysted-gaardbutik-aabner-i-paasken\/\" \/>\n<meta property=\"og:site_name\" content=\"Nysted erhvervs- og Turistforening\" \/>\n<meta property=\"article:publisher\" content=\"https:\/\/www.facebook.com\/visitnysted\/\" \/>\n<meta property=\"article:modified_time\" content=\"2024-04-05T12:00:25+00:00\" \/>\n<meta property=\"og:image\" content=\"https:\/\/nysted.dk\/wp-content\/uploads\/65f9b596675d4-scaled.jpeg\" \/>\n\t<meta property=\"og:image:width\" content=\"1920\" \/>\n\t<meta property=\"og:image:height\" content=\"2560\" \/>\n\t<meta property=\"og:image:type\" content=\"image\/jpeg\" \/>\n<meta name=\"twitter:card\" content=\"summary_large_image\" \/>\n<script type=\"application\/ld+json\" class=\"yoast-schema-graph\">{\"@context\":\"https:\\\/\\\/schema.org\",\"@graph\":[{\"@type\":\"WebPage\",\"@id\":\"https:\\\/\\\/nysted.dk\\\/events\\\/nysted-gaardbutik-aabner-i-paasken\\\/\",\"url\":\"https:\\\/\\\/nysted.dk\\\/events\\\/nysted-gaardbutik-aabner-i-paasken\\\/\",\"name\":\"Nysted Gaardbutik \u00e5bner i P\u00e5sken | Nysted erhvervs- og Turistforening\",\"isPartOf\":{\"@id\":\"https:\\\/\\\/nysted.dk\\\/#website\"},\"primaryImageOfPage\":{\"@id\":\"https:\\\/\\\/nysted.dk\\\/events\\\/nysted-gaardbutik-aabner-i-paasken\\\/#primaryimage\"},\"image\":{\"@id\":\"https:\\\/\\\/nysted.dk\\\/events\\\/nysted-gaardbutik-aabner-i-paasken\\\/#primaryimage\"},\"thumbnailUrl\":\"https:\\\/\\\/nysted.dk\\\/wp-content\\\/uploads\\\/65f9b596675d4-scaled.jpeg\",\"datePublished\":\"2024-03-26T08:27:39+00:00\",\"dateModified\":\"2024-04-05T12:00:25+00:00\",\"breadcrumb\":{\"@id\":\"https:\\\/\\\/nysted.dk\\\/events\\\/nysted-gaardbutik-aabner-i-paasken\\\/#breadcrumb\"},\"inLanguage\":\"en-GB\",\"potentialAction\":[{\"@type\":\"ReadAction\",\"target\":[\"https:\\\/\\\/nysted.dk\\\/events\\\/nysted-gaardbutik-aabner-i-paasken\\\/\"]}]},{\"@type\":\"ImageObject\",\"inLanguage\":\"en-GB\",\"@id\":\"https:\\\/\\\/nysted.dk\\\/events\\\/nysted-gaardbutik-aabner-i-paasken\\\/#primaryimage\",\"url\":\"https:\\\/\\\/nysted.dk\\\/wp-content\\\/uploads\\\/65f9b596675d4-scaled.jpeg\",\"contentUrl\":\"https:\\\/\\\/nysted.dk\\\/wp-content\\\/uploads\\\/65f9b596675d4-scaled.jpeg\",\"width\":1920,\"height\":2560},{\"@type\":\"BreadcrumbList\",\"@id\":\"https:\\\/\\\/nysted.dk\\\/events\\\/nysted-gaardbutik-aabner-i-paasken\\\/#breadcrumb\",\"itemListElement\":[{\"@type\":\"ListItem\",\"position\":1,\"name\":\"Hjem\",\"item\":\"https:\\\/\\\/nysted.dk\\\/\"},{\"@type\":\"ListItem\",\"position\":2,\"name\":\"Events\",\"item\":\"https:\\\/\\\/nysted.dk\\\/events\\\/\"},{\"@type\":\"ListItem\",\"position\":3,\"name\":\"Nysted Gaardbutik \u00e5bner i P\u00e5sken\"}]},{\"@type\":\"WebSite\",\"@id\":\"https:\\\/\\\/nysted.dk\\\/#website\",\"url\":\"https:\\\/\\\/nysted.dk\\\/\",\"name\":\"Nysted erhvervs- og Turistforening\",\"description\":\"Oplevelser du holder af\",\"publisher\":{\"@id\":\"https:\\\/\\\/nysted.dk\\\/#organization\"},\"potentialAction\":[{\"@type\":\"SearchAction\",\"target\":{\"@type\":\"EntryPoint\",\"urlTemplate\":\"https:\\\/\\\/nysted.dk\\\/?s={search_term_string}\"},\"query-input\":{\"@type\":\"PropertyValueSpecification\",\"valueRequired\":true,\"valueName\":\"search_term_string\"}}],\"inLanguage\":\"en-GB\"},{\"@type\":\"Organization\",\"@id\":\"https:\\\/\\\/nysted.dk\\\/#organization\",\"name\":\"Nysted erhvervs- og Turistforening\",\"url\":\"https:\\\/\\\/nysted.dk\\\/\",\"logo\":{\"@type\":\"ImageObject\",\"inLanguage\":\"en-GB\",\"@id\":\"https:\\\/\\\/nysted.dk\\\/#\\\/schema\\\/logo\\\/image\\\/\",\"url\":\"https:\\\/\\\/nysted.dk\\\/wp-content\\\/uploads\\\/Logo.png\",\"contentUrl\":\"https:\\\/\\\/nysted.dk\\\/wp-content\\\/uploads\\\/Logo.png\",\"width\":1033,\"height\":582,\"caption\":\"Nysted erhvervs- og Turistforening\"},\"image\":{\"@id\":\"https:\\\/\\\/nysted.dk\\\/#\\\/schema\\\/logo\\\/image\\\/\"},\"sameAs\":[\"https:\\\/\\\/www.facebook.com\\\/visitnysted\\\/\"]}]}<\/script>\n<!-- \/ Yoast SEO plugin. -->","yoast_head_json":{"title":"Nysted Gaardbutik \u00e5bner i P\u00e5sken | Nysted erhvervs- og Turistforening","robots":{"index":"index","follow":"follow","max-snippet":"max-snippet:-1","max-image-preview":"max-image-preview:large","max-video-preview":"max-video-preview:-1"},"canonical":"https:\/\/nysted.dk\/en\/events\/nysted-gaardbutik-aabner-i-paasken\/","og_locale":"en_GB","og_type":"article","og_title":"Nysted Gaardbutik \u00e5bner i P\u00e5sken | Nysted erhvervs- og Turistforening","og_description":"Hylderne er fyldt op med p\u00e5skedekorationer, Bregnholts for\u00e5rsblomster, Krenkerup \u00f8l, Dalbakkegaard \u00e6g &amp; kyllinger, M\u00f8ns Bolcher &amp; fl\u00f8deboller, k\u00f8d fra","og_url":"https:\/\/nysted.dk\/en\/events\/nysted-gaardbutik-aabner-i-paasken\/","og_site_name":"Nysted erhvervs- og Turistforening","article_publisher":"https:\/\/www.facebook.com\/visitnysted\/","article_modified_time":"2024-04-05T12:00:25+00:00","og_image":[{"width":1920,"height":2560,"url":"https:\/\/nysted.dk\/wp-content\/uploads\/65f9b596675d4-scaled.jpeg","type":"image\/jpeg"}],"twitter_card":"summary_large_image","schema":{"@context":"https:\/\/schema.org","@graph":[{"@type":"WebPage","@id":"https:\/\/nysted.dk\/events\/nysted-gaardbutik-aabner-i-paasken\/","url":"https:\/\/nysted.dk\/events\/nysted-gaardbutik-aabner-i-paasken\/","name":"Nysted Gaardbutik \u00e5bner i P\u00e5sken | Nysted erhvervs- og Turistforening","isPartOf":{"@id":"https:\/\/nysted.dk\/#website"},"primaryImageOfPage":{"@id":"https:\/\/nysted.dk\/events\/nysted-gaardbutik-aabner-i-paasken\/#primaryimage"},"image":{"@id":"https:\/\/nysted.dk\/events\/nysted-gaardbutik-aabner-i-paasken\/#primaryimage"},"thumbnailUrl":"https:\/\/nysted.dk\/wp-content\/uploads\/65f9b596675d4-scaled.jpeg","datePublished":"2024-03-26T08:27:39+00:00","dateModified":"2024-04-05T12:00:25+00:00","breadcrumb":{"@id":"https:\/\/nysted.dk\/events\/nysted-gaardbutik-aabner-i-paasken\/#breadcrumb"},"inLanguage":"en-GB","potentialAction":[{"@type":"ReadAction","target":["https:\/\/nysted.dk\/events\/nysted-gaardbutik-aabner-i-paasken\/"]}]},{"@type":"ImageObject","inLanguage":"en-GB","@id":"https:\/\/nysted.dk\/events\/nysted-gaardbutik-aabner-i-paasken\/#primaryimage","url":"https:\/\/nysted.dk\/wp-content\/uploads\/65f9b596675d4-scaled.jpeg","contentUrl":"https:\/\/nysted.dk\/wp-content\/uploads\/65f9b596675d4-scaled.jpeg","width":1920,"height":2560},{"@type":"BreadcrumbList","@id":"https:\/\/nysted.dk\/events\/nysted-gaardbutik-aabner-i-paasken\/#breadcrumb","itemListElement":[{"@type":"ListItem","position":1,"name":"Hjem","item":"https:\/\/nysted.dk\/"},{"@type":"ListItem","position":2,"name":"Events","item":"https:\/\/nysted.dk\/events\/"},{"@type":"ListItem","position":3,"name":"Nysted Gaardbutik \u00e5bner i P\u00e5sken"}]},{"@type":"WebSite","@id":"https:\/\/nysted.dk\/#website","url":"https:\/\/nysted.dk\/","name":"Nysted Business and Tourist Association","description":"Experiences you care about","publisher":{"@id":"https:\/\/nysted.dk\/#organization"},"potentialAction":[{"@type":"SearchAction","target":{"@type":"EntryPoint","urlTemplate":"https:\/\/nysted.dk\/?s={search_term_string}"},"query-input":{"@type":"PropertyValueSpecification","valueRequired":true,"valueName":"search_term_string"}}],"inLanguage":"en-GB"},{"@type":"Organization","@id":"https:\/\/nysted.dk\/#organization","name":"Nysted Business and Tourist Association","url":"https:\/\/nysted.dk\/","logo":{"@type":"ImageObject","inLanguage":"en-GB","@id":"https:\/\/nysted.dk\/#\/schema\/logo\/image\/","url":"https:\/\/nysted.dk\/wp-content\/uploads\/Logo.png","contentUrl":"https:\/\/nysted.dk\/wp-content\/uploads\/Logo.png","width":1033,"height":582,"caption":"Nysted erhvervs- og Turistforening"},"image":{"@id":"https:\/\/nysted.dk\/#\/schema\/logo\/image\/"},"sameAs":["https:\/\/www.facebook.com\/visitnysted\/"]}]}},"_links":{"self":[{"href":"https:\/\/nysted.dk\/en\/wp-json\/wp\/v2\/ajde_events\/10423","targetHints":{"allow":["GET"]}}],"collection":[{"href":"https:\/\/nysted.dk\/en\/wp-json\/wp\/v2\/ajde_events"}],"about":[{"href":"https:\/\/nysted.dk\/en\/wp-json\/wp\/v2\/types\/ajde_events"}],"author":[{"embeddable":true,"href":"https:\/\/nysted.dk\/en\/wp-json\/wp\/v2\/users\/1"}],"wp:featuredmedia":[{"embeddable":true,"href":"https:\/\/nysted.dk\/en\/wp-json\/wp\/v2\/media\/10424"}],"wp:attachment":[{"href":"https:\/\/nysted.dk\/en\/wp-json\/wp\/v2\/media?parent=10423"}],"wp:term":[{"taxonomy":"post_tag","embeddable":true,"href":"https:\/\/nysted.dk\/en\/wp-json\/wp\/v2\/tags?post=10423"},{"taxonomy":"event_type","embeddable":true,"href":"https:\/\/nysted.dk\/en\/wp-json\/wp\/v2\/event_type?post=10423"},{"taxonomy":"event_type_2","embeddable":true,"href":"https:\/\/nysted.dk\/en\/wp-json\/wp\/v2\/event_type_2?post=10423"}],"curies":[{"name":"wp","href":"https:\/\/api.w.org\/{rel}","templated":true}]}}

<p>The shelves are filled with Easter decorations, Bregnholt&#039;s spring flowers, Krenkerup beer, Dalbakkegaard eggs &amp; chickens, Møns Bolcher &amp; cream buns, meat from Alsø, Ubuntu coffee, wine from Østergaard - and much more. In addition to knitting, jewellery, wooden figures and flea things: &quot;Used but beautiful&quot; On Maundy Thursday, the children can try face painting and everyone a hot apple toddy from Lolle. Competition: &quot;Guess a beer&quot; Open from 11 a.m. to 3 p.m.</p>

<!-- This site is optimized with the Yoast SEO plugin v27.4 - https://yoast.com/product/yoast-seo-wordpress/ -->
<title>Nysted Gaardbutik åbner i Påsken | Nysted erhvervs- og Turistforening</title>
<meta name="robots" content="index, follow, max-snippet:-1, max-image-preview:large, max-video-preview:-1" />
<link rel="canonical" href="https://nysted.dk/en/events/nysted-gaardbutik-aabner-i-paasken/" />
<meta property="og:locale" content="en_GB" />
<meta property="og:type" content="article" />
<meta property="og:title" content="Nysted Gaardbutik åbner i Påsken | Nysted erhvervs- og Turistforening" />
<meta property="og:description" content="Hylderne er fyldt op med påskedekorationer, Bregnholts forårsblomster, Krenkerup øl, Dalbakkegaard æg &amp; kyllinger, Møns Bolcher &amp; flødeboller, kød fra" />
<meta property="og:url" content="https://nysted.dk/en/events/nysted-gaardbutik-aabner-i-paasken/" />
<meta property="og:site_name" content="Nysted erhvervs- og Turistforening" />
<meta property="article:publisher" content="https://www.facebook.com/visitnysted/" />
<meta property="article:modified_time" content="2024-04-05T12:00:25+00:00" />
<meta property="og:image" content="https://nysted.dk/wp-content/uploads/65f9b596675d4-scaled.jpeg" />
	<meta property="og:image:width" content="1920" />
	<meta property="og:image:height" content="2560" />
	<meta property="og:image:type" content="image/jpeg" />
<meta name="twitter:card" content="summary_large_image" />
<script type="application/ld+json" class="yoast-schema-graph">{"@context":"https:\/\/schema.org","@graph":[{"@type":"WebPage","@id":"https:\/\/nysted.dk\/events\/nysted-gaardbutik-aabner-i-paasken\/","url":"https:\/\/nysted.dk\/events\/nysted-gaardbutik-aabner-i-paasken\/","name":"Nysted Gaardbutik åbner i Påsken | Nysted erhvervs- og Turistforening","isPartOf":{"@id":"https:\/\/nysted.dk\/#website"},"primaryImageOfPage":{"@id":"https:\/\/nysted.dk\/events\/nysted-gaardbutik-aabner-i-paasken\/#primaryimage"},"image":{"@id":"https:\/\/nysted.dk\/events\/nysted-gaardbutik-aabner-i-paasken\/#primaryimage"},"thumbnailUrl":"https:\/\/nysted.dk\/wp-content\/uploads\/65f9b596675d4-scaled.jpeg","datePublished":"2024-03-26T08:27:39+00:00","dateModified":"2024-04-05T12:00:25+00:00","breadcrumb":{"@id":"https:\/\/nysted.dk\/events\/nysted-gaardbutik-aabner-i-paasken\/#breadcrumb"},"inLanguage":"en-GB","potentialAction":[{"@type":"ReadAction","target":["https:\/\/nysted.dk\/events\/nysted-gaardbutik-aabner-i-paasken\/"]}]},{"@type":"ImageObject","inLanguage":"en-GB","@id":"https:\/\/nysted.dk\/events\/nysted-gaardbutik-aabner-i-paasken\/#primaryimage","url":"https:\/\/nysted.dk\/wp-content\/uploads\/65f9b596675d4-scaled.jpeg","contentUrl":"https:\/\/nysted.dk\/wp-content\/uploads\/65f9b596675d4-scaled.jpeg","width":1920,"height":2560},{"@type":"BreadcrumbList","@id":"https:\/\/nysted.dk\/events\/nysted-gaardbutik-aabner-i-paasken\/#breadcrumb","itemListElement":[{"@type":"ListItem","position":1,"name":"Hjem","item":"https:\/\/nysted.dk\/"},{"@type":"ListItem","position":2,"name":"Events","item":"https:\/\/nysted.dk\/events\/"},{"@type":"ListItem","position":3,"name":"Nysted Gaardbutik åbner i Påsken"}]},{"@type":"WebSite","@id":"https:\/\/nysted.dk\/#website","url":"https:\/\/nysted.dk\/","name":"Nysted erhvervs- og Turistforening","description":"Oplevelser du holder af","publisher":{"@id":"https:\/\/nysted.dk\/#organization"},"potentialAction":[{"@type":"SearchAction","target":{"@type":"EntryPoint","urlTemplate":"https:\/\/nysted.dk\/?s={search_term_string}"},"query-input":{"@type":"PropertyValueSpecification","valueRequired":true,"valueName":"search_term_string"}}],"inLanguage":"en-GB"},{"@type":"Organization","@id":"https:\/\/nysted.dk\/#organization","name":"Nysted erhvervs- og Turistforening","url":"https:\/\/nysted.dk\/","logo":{"@type":"ImageObject","inLanguage":"en-GB","@id":"https:\/\/nysted.dk\/#\/schema\/logo\/image\/","url":"https:\/\/nysted.dk\/wp-content\/uploads\/Logo.png","contentUrl":"https:\/\/nysted.dk\/wp-content\/uploads\/Logo.png","width":1033,"height":582,"caption":"Nysted erhvervs- og Turistforening"},"image":{"@id":"https:\/\/nysted.dk\/#\/schema\/logo\/image\/"},"sameAs":["https:\/\/www.facebook.com\/visitnysted\/"]}]}</script>
<!-- / Yoast SEO plugin. -->

Nysted Gaardbutik åbner i Påsken | Nysted erhvervs- og Turistforening

Hylderne er fyldt op med påskedekorationer, Bregnholts forårsblomster, Krenkerup øl, Dalbakkegaard æg &amp; kyllinger, Møns Bolcher &amp; flødeboller, kød fra

Nysted Gaardbutik åbner i Påsken
